mmon factor of 32 and f.
16
Let c = 2 + 1. What is the highest common factor of 6 and c?
3
Suppose -3*p = 3*a - 39, -45 = 4*p - 4*a - 129. What is the greatest common factor of p and 51?
17
Let x be 28/(-6)*12/(-8). Let s(n) = 4*n - 8. Let v be s(x). What is the greatest common divisor of 60 and v?
20
Let h = 10 + -4. Let x be h + 2 + -2 + -2. Let v be x*6/20*30. Calculate the greatest common divisor of v and 9.
9
Let k be 0/(-1) + 2 + -25. Suppose -2*u = -2*t - 2*t - 12, -2*t = -3*u + 26. Let h = u - k. Calculate the greatest common divisor of 22 and h.
11
Suppose -r + 4*r + 2*w - 65 = 0, -2*w = -8. What is the highest common factor of 38 and r?
19
Suppose -173 = 3*x + 205. Let q be x/35*(-20)/6. Let l = -67 + 97. Calculate the highest common factor of q and l.
6
Suppose -n - 229 = -5*g, 0 = 5*g - 4*n - 266 + 25. Calculate the highest common factor of 15 and g.
15
Suppose 4*x - 4*k - 28 = 0, 3*k = -2*x + x + 23. Suppose -2*a - 92 = 2*h, -a - 2*h - 45 = -0*h. Let v = -14 - a. What is the highest common factor of v and x?
11
Suppose 7*v - 1 = 6*v. Let f be 8/2 + 11/v. What is the highest common divisor of 165 and f?
15
Let f be (-2)/16 + (-294)/(-48). Suppose 50 = i - 16. Calculate the greatest common divisor of f and i.
6
Let a = -11 + 29. Suppose 24 = 2*v - 0*v. What is the highest common factor of a and v?
6
Suppose 5*j = -5*h - 0*j + 180, -2*j = -h + 36. Suppose 15 = 2*t - 2*s + 5*s, 2*t + 5*s - 13 = 0. What is the highest common factor of t and h?
9
Suppose 0 = -2*z + 5*z - 6. Suppose -3*r + 10 = m, -z*r + 7*r = -2*m + 16. Calculate the greatest common divisor of r and 4.
4
Let y(g) = 5*g - 43. Let q be y(9). Let z(r) = r**3 - 3*r**2 + 2*r - 6. Let s be z(4). What is the greatest common factor of s and q?
2
Let n be (-9 - 0)/((-12)/36). Calculate the greatest common factor of 36 and n.
9
Let l(x) = -x**3 - x + 2. Let q be l(0). Suppose 3*m - 375 = -3*v, -5*v + 347 = -q*v - 4*m. What is the greatest common divisor of 11 and v?
11
Suppose -m + 20 = 6. Suppose 2*p + 46 = 2*r, 2*r + 2*r - 5*p = 94. Let j be (-2)/(-1) - (2 - r). Calculate the greatest common divisor of j and m.
7
Suppose 0 = 4*s - 7*s - 3*p - 546, p = -4*s - 740. Let t be s/(-24) - (-1)/4. What is the greatest common factor of 8 and t?
8
Suppose -5*r + 12*r + 35 = 0. Let g(t) be the second derivative of -t**3/6 + 5*t**2/2 - 2*t. Let v be g(r). Calculate the greatest common factor of v and 20.
10
Suppose -1 = -q + 3. Let y(p) = p - 2*p + q*p. Let k be y(2). What is the greatest common divisor of 42 and k?
6
Suppose -2*i = 3*k - 4, 3*k - 6*k = 12. Let t = -83 - -147. Calculate the highest common factor of i and t.
8
Let l = 25 - 21. What is the highest common divisor of l and 2?
2
Let v = 5 + -5. Suppose v = 3*k - 7 - 23. Let p be ((-5)/k)/((-2)/56). What is the highest common factor of 42 and p?
14
Let p = -19 + 23. Suppose -2*k + q + 8 = 0, 2*q - 17 + 5 = -3*k. Calculate the greatest common factor of p and k.
4
Let w(x) = x**3 - 16*x**2 + 17*x + 12. Let j be w(15). Calculate the highest common divisor of j and 28.
14
Let a be 5/(1/(-10)*-2). Suppose z + 29 = 4*z + 4*r, -a = -5*r. What is the highest common factor of 21 and z?
3
Let b = 50 - 28. What is the greatest common divisor of 88 and b?
22
Let o = 21 - 9. Let t be (-1289)/(-9) + o/(-54). What is the greatest common factor of t and 13?
13
Suppose 4*t - 20 = -2*b, -5*t + 6*b = 2*b + 1. Calculate the greatest common factor of t and 33.
3
Let b = -65 - -394. Calculate the greatest common factor of 47 and b.
47
Suppose 13 = -2*z + z. Let w(r) = -r - 9. Let p be w(z). Suppose 3*f - 374 = -p*v - 65, f - 238 = -3*v. What is the highest common divisor of v and 9?
9
Let b(y) = 3*y + 22. Let j be b(10). What is the highest common divisor of j and 130?
26
Let p be (-1872)/(-90) - (-1)/5. What is the greatest common factor of p and 14?
7
Let x be (20/(-16))/((-1)/(-12)). Let n be 6/x + (-366)/(-15). Let g be 133/3 + 16/n. Calculate the greatest common factor of g and 15.
15
Let k = -36 + 64. What is the highest common divisor of k and 196?
28
Let z(f) = -16*f. Let q be z(-1). Suppose -3*y + q = y. Calculate the highest common factor of 8 and y.
4
Let p = 49 + -29. Calculate the highest common factor of 30 and p.
10
Let z(p) = -3*p + 3. Let o be z(-4). Calculate the highest common factor of 60 and o.
15
Let d be (-22)/(-8) + 15/(-20). Suppose -d*v + 5*v - 12 = 0, 4*b + 5*v = 52. Calculate the highest common divisor of 88 and b.
8
Let m = 12 + -7. Suppose 2*z - 2*o = o + 246, -m*z + 592 = 4*o. Let l(t) = 3*t. Let q be l(5). What is the greatest common divisor of q and z?
15
Let l(z) = z**3 + 3*z**2 + 3*z + 3. Let q be l(-2). Let n be (-22)/18 + 12/54. Let a be n/q - (1 - 44). What is the highest common divisor of 6 and a?
6
Suppose 13 + 29 = 2*c. Let r be 1002/c - (-2)/7. What is the greatest common divisor of r and 32?
16
Suppose -24 = -5*q - 9. What is the highest common factor of q and 5?
1
Suppose -4*o = -31 - 17. Let d be 2/(o/22)*30. Calculate the highest common factor of d and 10.
10
Let p(y) = y**2 + 2*y - 1. Suppose -t - 4 = -2. Let z be p(t). Let b be 0 - -1 - z - -12. What is the highest common factor of b and 35?
7
Let c be 1/2 - (-140)/8. What is the highest common factor of 9 and c?
9
Suppose 0 = n - 4*a - 15, 4*n + 2*a + 2*a - 160 = 0. What is the greatest common divisor of 14 and n?
7
Let f(l) = l + 7. Let k be f(7). Let m = k - 3. Suppose -m - 7 = -3*d. Calculate the greatest common divisor of d and 12.
6
Let f(n) = -n**3 - n - 4. Let d = 2 + -7. Let x be f(d). What is the highest common divisor of x and 14?
14
Suppose y - 2 = -1. Let a be (155 - y) + 0/(-3). Calculate the highest common factor of a and 22.
22
Suppose -3*o = 2*r + 1, 3*o - 2*r - 4 = 5*o. Suppose -z = o*z - 160. Let l(n) = n**2 + 2*n + 2. Let v be l(-3). What is the highest common factor of z and v?
5
Suppose -2*w + 3*t - 6*t = 11, 18 = 4*w - 2*t. Suppose -4*d = -w - 86. Calculate the highest common factor of 242 and d.
22
Let w be 28/12 + (-1)/3. Suppose 3*u - 40 = y, -y - 25 = -4*u + w*u. What is the highest common divisor of u and 45?
15
Let z(s) = s**2 + 3*s - 5. Let y be z(-5). Let i(t) = -5 + 7*t + 3*t - t. Let l be i(y). What is the highest common divisor of l and 8?
8
Let f = -17 + 27. Suppose -2*i = n - 3*n - f, i + 2*n = 2. Calculate the greatest common factor of i and 1.
1
Suppose 294 = a + 2*a. Suppose -a + 26 = -4*w. Calculate the highest common factor of w and 6.
6
Let y = -14 + 28. Let f(u) = -y*u - 10 + 10. Let w be f(-5). Calculate the highest common factor of w and 10.
10
Let m be 42/(((-4)/(-5))/(42/15)). What is the highest common factor of 21 and m?
21
Let j(m) = m**2 - 9*m - 3. Let p be j(10). Suppose 1 = c - p. Suppose 5*r + 4*d - 33 = 91, 0 = 4*r - d - 95. What is the greatest common divisor of c and r?
8
Let r(q) = q**3 + 2*q**2 - q. Let k be r(-2). Let t be (k/3)/((-7)/(-630)). What is the highest common factor of t and 15?
15
Let d = -13 - -19. What is the greatest common factor of d and 24?
6
Suppose 3*h - 33 = -4*l + 6*h, -5*h - 27 = -2*l. Suppose -5*x = 0, 8*k - 5*k = x + 27. Calculate the highest common factor of l and k.
3
Let h = -41 - -9. Let m(k) = -18*k. Let a be m(1). Let r = a - h. What is the greatest common divisor of 98 and r?
14
Let v = -1 + 12. Let y be 2 + -2 + -1 + 1. Suppose y*x - x = -11. What is the greatest common divisor of x and v?
11
Let z(d) = -d**3 + 9*d**2 + 3*d - 19. Let b be z(9). What is the greatest common divisor of 40 and b?
8
Let w(k) = k**2 - k + 1. Let c be w(2). Suppose 606 = c*g + 45. Suppose -2*y + y + 17 = 0. What is the highest common factor of y and g?
17
Suppose 3*k - k + 5*s - 105 = 0, -20 = -k + 4*s. Calculate the highest common divisor of 60 and k.
20
Let j(i) = -i + 15. Let h be j(0). Let d(c) = -c**3 + 7*c**2 - 4*c + 2. Let y be d(3). Let q = -11 + y. Calculate the highest common divisor of q and h.
15
Let g(q) = 2*q - 8. Let o(z) = z**2 + z - 1. Let d be o(2). Let s be g(d). Let n = 16 - 2. What is the greatest common factor of s and n?
2
Let l be 2/((8/6)/2). Suppose -3*s + z + 94 = 0, -s - 2*z - 38 = -2*s. Let x = s + -3. Calculate the greatest common factor of x and l.
3
Suppose 74*u + 40 = 78*u. Calculate the greatest common factor of u and 10.
10
Suppose y = 4 - 1. Sup